t is the hundreds digit of 50604?
6
What is the tens digit of 1150270?
7
What is the millions digit of 20894106?
0
What is the ten thousands digit of 8785766?
8
What is the hundreds digit of 2853222?
2
What is the hundreds digit of 454461?
4
What is the tens digit of 1971637?
3
What is the thousands digit of 192756?
2
What is the thousands digit of 741944?
1
What is the hundreds digit of 633819?
8
What is the thousands digit of 2466241?
6
What is the tens digit of 1568861?
6
What is the units digit of 11048421?
1
What is the thousands digit of 21696297?
6
What is the ten thousands digit of 937175?
3
What is the thousands digit of 2313012?
3
What is the hundred thousands digit of 2411239?
4
What is the thousands digit of 229515?
9
What is the units digit of 836873?
3
What is the tens digit of 141355?
5
What is the units digit of 1598069?
9
What is the hundreds digit of 948384?
3
What is the units digit of 2366009?
9
What is the tens digit of 1815390?
9
What is the units digit of 265120?
0
What is the thousands digit of 742168?
2
What is the hundreds digit of 626123?
1
What is the tens digit of 270519?
1
What is the thousands digit of 683170?
3
What is the tens digit of 872697?
9
What is the thousands digit of 1203176?
3
What is the ten thousands digit of 128342?
2
What is the thousands digit of 1592762?
2
What is the thousands digit of 876843?
6
What is the hundreds digit of 1227558?
5
What is the tens digit of 95404?
0
What is the tens digit of 5315780?
8
What is the hundred thousands digit of 792601?
7
What is the tens digit of 1301438?
3
What is the thousands digit of 518284?
8
What is the thousands digit of 1044682?
4
What is the millions digit of 1524018?
1
What is the tens digit of 4654?
5
What is the hundred thousands digit of 8709940?
7
What is the ten thousands digit of 8179017?
7
What is the hundreds digit of 6043?
0
What is the ten thousands digit of 24566?
2
What is the hundred thousands digit of 4440229?
4
What is the millions digit of 2157274?
2
What is the hundreds digit of 7689605?
6
What is the ten millions digit of 22096470?
2
What is the tens digit of 14431474?
7
What is the hundreds digit of 4783581?
5
What is the ten thousands digit of 84853?
8
What is the tens digit of 149467?
6
What is the tens digit of 1087594?
9
What is the thousands digit of 4597689?
7
What is the thousands digit of 4697014?
7
What is the hundred thousands digit of 5624883?
6
What is the millions digit of 1059510?
1
What is the ten thousands digit of 113447?
1
What is the units digit of 2271591?
1
What is the units digit of 34966686?
6
What is the thousands digit of 4372978?
2
What is the millions digit of 2605576?
2
What is the millions digit of 36082751?
6
What is the hundred thousands digit of 2211730?
2
What is the ten thousands digit of 3581484?
8
What is the hundred thousands digit of 13866693?
8
What is the millions digit of 5854349?
5
What is the hundreds digit of 675283?
2
What is the units digit of 229342?
2
What is the hundreds digit of 15580099?
0
What is the tens digit of 880378?
7
What is the tens digit of 6576763?
6
What is the hundreds digit of 735583?
5
What is the ten thousands digit of 100245?
0
What is the thousands digit of 484880?
4
What is the ten thousands digit of 59755?
5
What is the thousands digit of 1514868?
4
What is the thousands digit of 56487?
6
What is the thousands digit of 567751?
7
What is the tens digit of 1140753?
5
What is the hundreds digit of 304309?
3
What is the tens digit of 35613?
1
What is the ten thousands digit of 452003?
5
What is the hundreds digit of 1099601?
6
What is the tens digit of 1044382?
8
What is the ten thousands digit of 86331?
8
What is the ten thousands digit of 1442492?
4
What is the ten millions digit of 13537996?
1
What is the hundred thousands digit of 10134873?
1
What is the tens digit of 280939?
3
What is the units digit of 2705942?
2
What is the tens digit of 53270?
7
What is the ten thousands digit of 231932?
3
What is the hundred thousands digit of 3595716?
5
What is the ten thousands digit of 331019?
3
What is the millions digit of 2004113?
2
What is the thousands digit of 3135931?
5
What is the hundreds digit of 1317220?
2
What is the ten thousands digit of 1122117?
2
What is the hundred thousands digit of 4680168?
6
What is the millions digit of 3831417?
3
What is the hundreds digit of 1259472?
4
What is the units digit of 4002450?
0
What is the tens digit of 901684?
8
What is the hundred thousands digit of 149714?
1
What is the tens digit of 9357270?
7
What is the tens digit of 13112795?
9
What is the thousands digit of 108378?
8
What is the units digit of 55624?
4
What is the units digit of 1259832?
2
What is the hundred thousands digit of 2624430?
6
What is the thousands digit of 3494223?
4
What is the thousands digit of 1363143?
3
What is the thousands digit of 2098802?
8
What is the thousands digit of 819771?
9
What is the hundreds digit of 2082386?
3
What is the hundreds digit of 8101571?
5
What is the hundred thousands digit of 231175?
2
What is the tens digit of 44940692?
9
What is the thousands digit of 844934?
4
What is the hundreds digit of 5237025?
0
What is the hundreds digit of 1024688?
6
What is the thousands digit of 22149138?
9
What is the units digit of 251213?
3
What is the thousands digit of 10339008?
9
What is the thousands digit of 6831427?
1
What is the ten thousands digit of 4404914?
0
What is the units digit of 1398777?
7
What is the millions digit of 3709966?
3
What is the hundred thousands digit of 1551633?
5
What is the thousands digit of 14824801?
4
What is the thousands digit of 1632751?
2
What is the thousands digit of 1572740?
2
What is the hundreds digit of 423025?
0
What is the ten thousands digit of 222914?
2
What is the tens digit of 452432?
3
What is the hundred thousands digit of 3212604?
2
What is the ten thousands digit of 762258?
6
What is the hundreds digit of 744845?
8
What is the hundred thousands digit of 16013404?
0
What is the hundreds digit of 154483?
4
What is the hundred thousands digit of 2736926?
7
What is the hundred thousands digit of 4593165?
5
What is the thousands digit of 3493776?
3
What is the thousands digit of 616097?
6
What is the thousands digit of 6142?
6
What is the hundreds digit of 496538?
5
What is the hundred thousands digit of 17553590?
5
What is the hundreds digit of 64540?
5
What is the thousands digit of 162776?
2
What is the ten millions digit of 29287463?
2
What is the units digit of 561732?
2
What is the thousands digit of 944133?
4
What is the millions digit of 1736871?
1
What is the tens digit of 1076692?
9
What is the ten thousands digit of 4289291?
8
What is the thousands digit of 5919669?
9
What is the ten thousands digit of 647285?
4
What is the hundred thousands digit of 10784243?
7
What is the units digit of 3918060?
0
What is the units digit of 857033?
3
What is the hundred thousands digit of 20791964?
7
What is the ten thousands digit of 525987?
2
What is the ten thousands digit of 75525?
7
What is the tens digit of 650021?
2
What is the hundreds digit of 825271?
2
What is the thousands digit of 266042?
6
What is the hundreds digit of 1642070?
0
What is the units digit of 380275?
5
What is the millions digit of 5302082?
5
What is the tens digit of 2159736?
3
What is the units digit of 1865238?
8
What is the ten thousands digit of 240833?
4
What is the hundred thousands digit of 17345483?
3
What is the units digit of 490769?
9
What is the units digit of 856962?
2
What is the hundred thousands digit of 588514?
5
What is the hundreds digit of 16437398?
3
What is the hundred thousands digit of 1916196?
9
What is the thousands digit of 937744?
7
What is the hundred thousands digit of 803876?
8
What is the hundreds digit of 12883471?
4
What is the units digit of 2141305?
5
What is the tens digit of 76455?
5
What is the hundreds digit of 3026335?
3
What is the tens digit of 2332669?
6
What is the thousands digit of 4966020?
6
What is the millions digit of 4431187?
4
What is the hundreds digit of 8978426?
4
What is the ten thousands digit of 5929563?
2
What is the ten thousands digit of 811229?
1
What is the hundreds digit of 1458811?
8
What is the ten thousands digit of 816842?
1
What is the te